common divisor of o and 10?
10
Let v(w) = -5*w**2 + 22*w + 6. Let g be v(3). Suppose 92 = y + 4*d, -4*y + 0*d + 436 = -d. Calculate the highest common divisor of y and g.
27
Suppose -2*d - 15*d + 4335 = 0. Suppose 3*n - d = -4*v, 4*v - 5*v + 81 = -5*n. What is the greatest common divisor of v and 77?
11
Let a = 100 - -314. Suppose -s + 4*s = a. Let r be s/9*6/4. Calculate the highest common divisor of 23 and r.
23
Let m be 954/15 - (28/(-20) + 1). Let b = -150 + m. Let s = b + 99. What is the highest common factor of 143 and s?
13
Let m be (-1 - 0)/((-1)/8). Let l(q) = q**3 - 8*q**2 + 2*q + 8. Let x be l(m). Suppose 150*w - 31 = 419. Calculate the greatest common factor of w and x.
3
Suppose -2964 = -806*g + 802*g. Suppose 4*r - 3*k = 306, 5*r + k + k = 394. What is the highest common factor of r and g?
39
Let o(i) = 2*i**3 - 7*i**2 - 2*i + 19. Let p be o(3). Let v(w) = 11*w - 17. Let d be v(p). Calculate the greatest common divisor of d and 36.
9
Let o = 7725 - 6946. What is the highest common factor of o and 209?
19
Suppose -5*f + 39 = -4*f. Suppose -w + 38*w = -481. Let d be w/4*(-200)/10. Calculate the highest common divisor of f and d.
13
Suppose -5*d + 434 + 71 = 5*f, 2*d - 184 = 4*f. Let p be (d/56)/(3/108). What is the greatest common factor of 168 and p?
21
Suppose -3*v - m = 3*m - 163, 2*v = m + 116. Let r be (-76)/6*(-105)/70. What is the greatest common divisor of r and v?
19
Suppose -1 = -y - 2*w, y + 5*w + 3 = -2. Suppose 124 - 44 = y*o. What is the highest common divisor of o and 80?
16
Let g = 63 - 61. Suppose 0*m - 16 = -3*m - p, 2*m + 2*p = 12. Let d be g - 24/10 - (-17)/m. What is the highest common factor of 3 and d?
3
Let v be (24/(-10))/(29/(40600/(-35))). Calculate the greatest common divisor of 20 and v.
4
Let i(k) = 3*k - 6. Let l be i(22). Let r = l - 42. Calculate the highest common divisor of 45 and r.
9
Let g be 244/(7 + 104/(-16)). What is the greatest common divisor of g and 152?
8
Let m(v) = -v**3 + 34*v**2 + 15*v - 87. Let b be m(34). What is the greatest common factor of b and 18?
9
Suppose 5*m = n - 140, -3*m + 251 = 4*n - 194. What is the highest common divisor of 368 and n?
23
Suppose -109*u + 87*u = 106*u - 6144. Calculate the greatest common factor of 2864 and u.
16
Let o be (20/50)/(2/115) + 8. What is the highest common divisor of o and 11?
1
Let a(h) = 2 - 3*h**2 + 2 + 2*h - 5 + 12*h**3. Let n be a(1). Suppose 0*k + 40 = 4*k. Calculate the greatest common divisor of n and k.
10
Let o(n) = 277*n**2 + 19*n - 2. Let u be o(-1). What is the highest common divisor of u and 368?
16
Let t(g) = g**3 + 10*g**2 + 2*g + 121. Let q be t(-10). What is the greatest common divisor of 4141 and q?
101
Let v be -78*(-5)/30 - 10882/(-2). What is the greatest common divisor of v and 72?
18
Suppose r - 84 - 212 = 0. Suppose 20*m - r = 144. Calculate the greatest common divisor of m and 22.
22
Suppose -5*b + k + 19617 = 0, b - 981 = -k + 2934. Calculate the highest common divisor of b and 318.
106
Suppose 13*j - 9*j - 12 = u, 0 = -3*u. Let c be 6/j*(14 + 0 + 4). What is the greatest common divisor of c and 9?
9
Suppose 0 = 4*t - 24 - 76. Suppose 11 = 3*j - t. What is the highest common divisor of j and 8?
4
Suppose 6*p + 3*p - 135 = 0. Suppose -11*n + p*n = 2376. Suppose -21*b + 398 + 736 = 0. What is the greatest common divisor of b and n?
54
Suppose 0 = 3*q - 4*p - 27, 2*q + 2*p = 5*p + 18. Let f = 26 - 26. Suppose f = u - 3. What is the greatest common factor of u and q?
3
Suppose -5915 - 5600 = -91*r + 8414. Calculate the highest common factor of 3431 and r.
73
Let s(i) = -i**3 + 70*i**2 - 61*i - 551. Let c be s(69). What is the highest common divisor of 71 and c?
1
Let u = -33669 - -52019. Calculate the greatest common factor of 25 and u.
25
Let t = -183 + 293. Let l(s) = 3*s**2 - 2*s - 44. Let q be l(7). Let u = t - q. What is the greatest common factor of 9 and u?
3
Let o be -17*2/8 - 21/(-84). Let t(u) = -5*u**2 - 23*u - 3. Let n be t(o). Suppose 4*a = -0*a + 324. What is the highest common factor of n and a?
9
Let k(w) = w**3 - 16*w**2 - 24*w - 21. Let n be k(18). Let a = -70 + 85. Suppose 114*u + a = 115*u. What is the greatest common factor of n and u?
15
Let u be (-26 + (-2560)/(-100))*-12495. Calculate the highest common divisor of u and 374.
34
Let q(i) = -i**2 + i + 6. Let r be q(0). Let s be ((-540)/14)/(4 + (-345)/84). Let o = s + -336. Calculate the highest common factor of o and r.
6
Let c(h) = 4*h + 45. Let z be c(-6). Let a be 150/z - 6/(-7). Calculate the highest common divisor of 8 and a.
8
Let i be (-15)/(-2)*(-22)/11. Let a be (-4)/(-5) + -2 + 207/i. Let j be 4 + (a/25 - (-148)/5). What is the highest common divisor of 363 and j?
33
Suppose 62 = v + 64. Let j(g) = 3*g - 40*g + 12*g. Let f be j(v). What is the greatest common factor of f and 10?
10
Suppose 4*s = -4*q + 224, 4*s + 5*q + 58 = 284. Calculate the highest common factor of 4239 and s.
27
Let r be (120/7)/2 + 15/35. Suppose 33*s = r*s + 5832. What is the highest common divisor of s and 81?
81
Let g(q) = -3*q - 338 + 205 - 2*q. Let n be g(-29). Calculate the highest common divisor of n and 456.
12
Let x be (308/(-11) - 5)*(-86)/6. Suppose -2*w + x = l - 340, 2*w + 2*l = 816. Calculate the greatest common divisor of w and 15.
15
Suppose 64 = 2*r - 6. Let l(k) = -21*k - 1. Let z be l(-1). Let j be ((-536)/38)/(-1) - z/190. Calculate the greatest common divisor of j and r.
7
Let r(m) = -m - 3. Let d be r(0). Let i be 0/(d + -3 + 3). Let f be 1 - i - (-10 - (2 + 1)). What is the highest common factor of f and 56?
14
Let b(c) be the third derivative of -c**4/12 + 11*c**3/2 + c**2. Let f be ((-8)/16)/(2/24)*-1. Let o be b(f). What is the greatest common factor of o and 84?
21
Let q(i) = 6611*i - 204918. Let n be q(31). Suppose -3*c + 63 + 75 = 0. Suppose l - 3*l + c = 0. What is the highest common factor of l and n?
23
Let l = -34 - -35. Let v be l/(-3 + (-620)/(-205)). Let h be ((-15)/25)/((-11)/6765). Calculate the highest common factor of v and h.
41
Let k be (468/(-14))/((-483)/2254). Suppose -4*w = 2*f - 3*f + 8, -f - w = 2. Suppose 2*i - 26 = -f. What is the greatest common factor of k and i?
13
Let s(k) = 19*k**2 + 5*k + 242. Let u be s(-13). Calculate the highest common factor of 84 and u.
28
Let p(m) = -m**3 - 2*m + 8. Let h be p(0). Let u be 17/(-8) - (9/h)/(-9). Let b be 4 + 958/10 - u/10. Calculate the greatest common divisor of 5 and b.
5
Suppose -29 = -7*g + 41. Suppose -60 = -15*a + g*a. Let b be (9 - 12) + (a - 2). Calculate the highest common divisor of 63 and b.
7
Let c = -8279 + 8339. Calculate the highest common divisor of c and 45.
15
Let z be (-34 - 1)/((-2)/32). Suppose v + 188 = 2*t - 120, -4*t + v = -628. Calculate the greatest common factor of z and t.
80
Suppose -2*r = 3*l - 236, 0 = -10*r + l + 1252 + 24. What is the greatest common divisor of 13589 and r?
127
Let h = 22974 + -22952. What is the greatest common divisor of 40667 and h?
11
Let x be 70*-1*((-264)/(-77))/(-12). What is the highest common divisor of 2615 and x?
5
Let o be 90/(-2) + 0/((-28)/(-4)). Let b = o + 38. Let m = b + 33. What is the greatest common factor of 26 and m?
26
Suppose 0*q = -2*q + 240. Suppose 58*v = 46*v + q. What is the highest common divisor of 5 and v?
5
Suppose -16*r = -17*r + 2. Suppose -y - 3 = 0, -r*d + 3*d + 4*y + 108 = 0. Let l = d - -99. Calculate the greatest common divisor of l and 6.
3
Suppose 7*p + 4 = 3*p. Let d(z) = -23*z + 1. Let g be d(p). Let n = -30128 - -30224. What is the highest common divisor of g and n?
24
Let j = 2830 + -2284. What is the highest common factor of 455 and j?
91
Let u be (-9)/21 + 104/14. Let h = 16 - 12. Suppose -313 = -5*f + 2*m, 2*m + 2 = h. Calculate the highest common divisor of f and u.
7
Suppose 0 = 3*n - 6*o + 8*o - 58, 2*o = 2*n - 52. What is the greatest common divisor of 1606 and n?
22
Suppose a = -b + 89, 76 + 7 = b - a. Let p = -22188 - -22403. What is the greatest common factor of p and b?
43
Let z be 74/(-2)*18/(16 - 10). Let v = z - -168. What is the greatest common divisor of v and 627?
57
Suppose -i + 1200 = 2*i. Let h be -4*1*(87 + -91). Calculate the greatest common factor of i and h.
16
Let n be 4/(-9) - (-6844)/9. Suppose 118*g - 110*g = n. What is the greatest common div